 when 7683826 is divided by 689.
98
Calculate the remainder when 522079 is divided by 130514.
23
What is the remainder when 211531 is divided by 95?
61
Calculate the remainder when 526035 is divided by 34937.
1980
What is the remainder when 984203949 is divided by 86?
83
What is the remainder when 442905 is divided by 2916?
2589
What is the remainder when 6547264 is divided by 327?
70
What is the remainder when 304741 is divided by 86?
43
Calculate the remainder when 1964206875 is divided by 482.
481
Calculate the remainder when 25296683 is divided by 12648341.
1
Calculate the remainder when 4290313 is divided by 14.
13
Calculate the remainder when 1791029 is divided by 730.
339
Calculate the remainder when 365741 is divided by 5083.
4848
What is the remainder when 69399 is divided by 3257?
1002
What is the remainder when 360365 is divided by 2002?
5
Calculate the remainder when 70693451 is divided by 403.
400
Calculate the remainder when 47441 is divided by 15686.
383
Calculate the remainder when 416613 is divided by 1350.
813
What is the remainder when 26178 is divided by 5119?
583
What is the remainder when 332147 is divided by 297?
101
What is the remainder when 117225855 is divided by 3524?
3519
Calculate the remainder when 113981064 is divided by 45.
24
Calculate the remainder when 16190 is divided by 2170.
1000
What is the remainder when 21852978 is divided by 316?
314
What is the remainder when 148419 is divided by 35947?
4631
Calculate the remainder when 724286 is divided by 100.
86
What is the remainder when 51366 is divided by 5125?
116
What is the remainder when 101844 is divided by 33732?
648
What is the remainder when 55929 is divided by 5572?
209
What is the remainder when 6834210 is divided by 4938?
18
Calculate the remainder when 705365 is divided by 2980.
2085
Calculate the remainder when 1546057 is divided by 8357.
12
Calculate the remainder when 4698553 is divided by 822.
1
Calculate the remainder when 3027096 is divided by 4046.
688
What is the remainder when 1530885640 is divided by 66?
64
What is the remainder when 170418452 is divided by 3514?
3508
Calculate the remainder when 22130163 is divided by 2329.
5
Calculate the remainder when 6620033 is divided by 164.
9
Calculate the remainder when 4051951 is divided by 441.
43
What is the remainder when 5403822 is divided by 289?
100
What is the remainder when 13114256 is divided by 1244?
8
What is the remainder when 430018 is divided by 991?
915
What is the remainder when 1569828 is divided by 9282?
1170
What is the remainder when 29091 is divided by 4764?
507
Calculate the remainder when 1646606 is divided by 456.
446
What is the remainder when 2132075 is divided by 4038?
11
What is the remainder when 280399 is divided by 17?
1
What is the remainder when 729503 is divided by 319?
269
Calculate the remainder when 22783609 is divided by 22783598.
11
Calculate the remainder when 89536 is divided by 391.
388
Calculate the remainder when 52137888 is divided by 11174.
4
What is the remainder when 3224405 is divided by 49?
9
What is the remainder when 1007166 is divided by 503582?
2
What is the remainder when 579111 is divided by 626?
61
Calculate the remainder when 156754974 is divided by 236.
234
Calculate the remainder when 2778331 is divided by 463049.
37
Calculate the remainder when 889357 is divided by 558.
463
Calculate the remainder when 37641 is divided by 7.
2
Calculate the remainder when 668319 is divided by 666144.
2175
What is the remainder when 99169 is divided by 54?
25
What is the remainder when 20162196 is divided by 42?
12
Calculate the remainder when 90100 is divided by 1200.
100
Calculate the remainder when 4202124 is divided by 554.
34
Calculate the remainder when 225364157 is divided by 287.
277
What is the remainder when 20518 is divided by 20385?
133
Calculate the remainder when 1131186 is divided by 3546.
12
Calculate the remainder when 133411251 is divided by 144.
3
Calculate the remainder when 2200773 is divided by 366759.
219
What is the remainder when 667059 is divided by 31?
1
Calculate the remainder when 1596238 is divided by 216.
214
Calculate the remainder when 254393 is divided by 62.
7
What is the remainder when 1483833 is divided by 2304?
57
Calculate the remainder when 21187 is divided by 20693.
494
Calculate the remainder when 274431752 is divided by 4596.
4592
Calculate the remainder when 26154554 is divided by 16.
10
Calculate the remainder when 2952306 is divided by 320.
306
What is the remainder when 477024 is divided by 71?
46
Calculate the remainder when 448539 is divided by 49.
42
What is the remainder when 85522824 is divided by 7126902?
0
What is the remainder when 693599 is divided by 400?
399
What is the remainder when 220601 is divided by 73502?
95
Calculate the remainder when 528939 is divided by 10596.
9735
Calculate the remainder when 145127 is divided by 144970.
157
What is the remainder when 139335 is divided by 130?
105
What is the remainder when 84555674 is divided by 75?
74
What is the remainder when 591217 is divided by 118240?
17
What is the remainder when 202045 is divided by 155?
80
Calculate the remainder when 13484909 is divided by 306473.
97
What is the remainder when 16273103 is divided by 16273098?
5
What is the remainder when 571153 is divided by 1528?
1209
What is the remainder when 13841 is divided by 84?
65
Calculate the remainder when 19642239 is divided by 128.
127
What is the remainder when 4892533 is divided by 112?
37
Calculate the remainder when 29951 is divided by 5941.
246
What is the remainder when 23597402 is divided by 7865798?
8
Calculate the remainder when 39345 is divided by 316.
161
What is the remainder when 3932563 is divided by 3913?
3911
What is the remainder when 590229 is divided by 1109?
241
What is the remainder when 59693 is divided by 2203?
212
Calculate the remainder when 28534 is divided by 94.
52
Calculate the remainder when 122398 is divided by 11041.
947
What is the remainder when 4863557 is divided by 208?
101
Calculate the remainder when 10316425 is divided by 61775.
0
What is the remainder when 5007643 is divided by 6107?
6010
What is the remainder when 1263220 is divided by 912?
100
What is the remainder when 15550 is divided by 15291?
259
Calculate the remainder when 7146047 is divided by 7146044.
3
What is the remainder when 803784 is divided by 401892?
0
Calculate the remainder when 979186 is divided by 122398.
2
What is the remainder when 12741031 is divided by 7352?
15
Calculate the remainder when 454571 is divided by 54.
53
What is the remainder when 445385 is divided by 445144?
241
Calculate the remainder when 1192050 is divided by 238240.
850
Calculate the remainder when 1561865 is divided by 10553.
21
Calculate the remainder when 42633541 is divided by 501571.
6
What is the remainder when 175748199 is divided by 4024?
4023
What is the remainder when 2006330 is divided by 2480?
10
Calculate the remainder when 10406443 is divided by 1501.
10
What is the remainder when 116553 is divided by 29?
2
What is the remainder when 6504 is divided by 2421?
1662
Calculate the remainder when 6017610 is divided by 261.
255
Calculate the remainder when 1144727763 is divided by 18.
15
What is the remainder when 11772849 is divided by 7?
4
Calculate the remainder when 47582749 is divided by 1995.
4
What is the remainder when 353149 is divided by 32103?
16
What is the remainder when 1428980 is divided by 660?
80
What is the remainder when 57106620 is divided by 2431?
2430
What is the remainder when 788050 is divided by 112568?
74
What is the remainder when 17420413 is divided by 247?
244
What is the remainder when 577521 is divided by 14963?
8927
What is the remainder when 7942111 is divided by 31896?
7
Calculate the remainder when 1134192 is divided by 481.
475
What is the remainder when 67822 is divided by 3228?
34
Calculate the remainder when 4285512 is divided by 2142730.
52
What is the remainder when 24269498 is divided by 564406?
40
Calculate the remainder when 115307190 is divided by 38.
28
Calculate the remainder when 724241 is divided by 62.
19
Calculate the remainder when 70622090 is divided by 91.
84
Calculate the remainder when 141693 is divided by 474.
441
Calculate the